on divisor of p and 15?
15
Let z be 2/(-4) - 183/(-2). Let u(r) = -12*r + 1. Let i be u(-1). What is the highest common divisor of i and z?
13
Suppose -4*u + 7*v + 276 = 3*v, -4*u = 5*v - 285. Suppose 0 = 3*a + 5*t - t - u, 0 = 2*a - 4*t - 80. What is the highest common divisor of 6 and a?
6
Let b(p) = 18*p**2. Let w be b(-2). What is the highest common divisor of 18 and w?
18
Let b(a) = -224*a**3 + 2*a**2 + 3*a + 2. Let d be b(-1). What is the highest common factor of d and 25?
25
Let u be 3/((-6)/(-4)) + 6. Let b = 19 - -53. Calculate the greatest common factor of u and b.
8
Suppose -5*y + 52 = 4*q, 0 = -3*q + q + 3*y + 48. Suppose 4*w - 46 + 6 = 0. Suppose w = 2*v - 2. Calculate the greatest common divisor of v and q.
6
Let b(w) = 3*w - 1. Let z be b(1). Suppose 3*q - 4*q = r - 32, 58 = z*r - q. Let o = -18 + r. What is the highest common divisor of o and 30?
6
Let o = -63 - -72. Calculate the highest common factor of o and 90.
9
Let u(m) = 54*m**2 - 3*m + 1. Let d be u(1). Calculate the highest common factor of 468 and d.
52
Suppose 4*u = 2*x + 12, u + 1 = 2*u. Let o be 1*-5*(-4)/x. Let d = o + 19. What is the greatest common factor of d and 42?
14
Let c(j) = 2*j**2 + j - 9. Let v be c(-3). Calculate the greatest common factor of 30 and v.
6
Suppose 5*k + 15 = -a, k + 4*a = 5*a - 9. Let c = 11 + k. Calculate the greatest common factor of 7 and c.
7
Suppose 8 = -3*d + d. Let b be (9/6)/(2/d). Let t be 0/b + 3*2. What is the greatest common factor of t and 2?
2
Suppose 0 = -3*m, -6*b - 5*m = -b - 25. Suppose w - 5*w + 60 = h, 0 = 3*h + 2*w - 160. Let j = -37 + h. What is the greatest common factor of j and b?
5
Suppose 2*y - 7*y - 141 = -2*f, 3*f - 195 = 2*y. What is the greatest common factor of f and 7?
7
Let h = -7 - -7. Let b = -7 - h. Let z be (8/3)/(b/(-357)). What is the highest common divisor of z and 17?
17
Let j(k) = k**2 + k - 3. Let y be j(-3). Suppose 3*t + 6 = -y. Let z be 2 + 14 + 0/t. Calculate the greatest common divisor of 16 and z.
16
Let j = 7 - 4. Let r be (-2002)/33*(-3)/2. Suppose 4*k - 5 = r. Calculate the highest common divisor of k and j.
3
Let q be -2 - -5 - 6/2. Suppose q = -t - 4*t + 35. Calculate the greatest common factor of 7 and t.
7
Suppose -3*d + 5 = -4*b - b, 4*d + b - 22 = 0. Let g = 29 - d. What is the highest common divisor of 48 and g?
24
Let b = -14 - -44. Let j(f) = 2*f**2 - 7*f + 3. Let t be j(-7). What is the highest common factor of b and t?
30
Suppose 0 = n + 2, -197 = -5*z - 5*n + 143. What is the greatest common divisor of 10 and z?
10
Let m(u) = -10*u - 8. Let l be m(-5). Suppose -a = 10 - l. Calculate the highest common divisor of 48 and a.
16
Let q = -2 + 10. Suppose r = -2*r + 339. Let l = r + -41. What is the greatest common factor of q and l?
8
Let l be (-2)/(-2 + (2 - 1)). Let g be (0 + l + 15)*1. What is the highest common factor of g and 68?
17
Let y(c) = -97*c**2 + 1. Let p be y(-1). Let t be (3/(-4))/(2/p). Let j(d) = -3*d + 3. Let a be j(-7). Calculate the highest common divisor of t and a.
12
Suppose -3*q - 3 = 3. Let n(y) = 2 - 6*y - 3 - 3*y - 2. Let a be n(q). Calculate the greatest common factor of a and 3.
3
Suppose -2 = -a - 10. Let y = a + 12. Suppose -y*k + 5*s = -157, s = -k - 0*k + 28. What is the greatest common factor of 3 and k?
3
Let h = 3 - 5. Let r be h*3/(6/(-13)). What is the highest common divisor of 104 and r?
13
Let p be (-32)/(-6)*6/4. Let s(c) = -15*c + 1. Let a be s(-1). What is the highest common divisor of p and a?
8
Let k be 5/2 - 3/(-6). Suppose n = -3*n + k*r + 355, 4*n - 2*r = 354. Let c(i) = 3*i + 2. Let u be c(2). Calculate the highest common factor of n and u.
8
Suppose -2*t + 8 = 0, -2*j - 6*t + 18 = -t. Let a(i) = 24*i**3 - i**2 + i + 1. Let b be a(j). Let p = 58 + b. Calculate the greatest common divisor of p and 11.
11
Let z be ((-13)/3)/(3/(-9)). Calculate the greatest common factor of 13 and z.
13
Suppose 5*w - 3*u - 101 = 0, -4*u - 35 = -2*w - u. What is the highest common factor of w and 55?
11
Suppose -3*u + 0*u = 15, 2*d = 5*u + 95. What is the highest common divisor of 5 and d?
5
Suppose o - 158 = 3*n, -2*o + n + 643 = 2*o. What is the highest common factor of 46 and o?
23
Suppose -2*z + 76 = -0*z - 4*m, 74 = 3*z + 2*m. Calculate the highest common divisor of z and 42.
14
Let y be (10 - 1)*(-2)/(-3). Suppose -2*v + 1 = -5. What is the greatest common divisor of v and y?
3
Suppose -3*u = -2*c + 229, -3*c + 5*u - u + 344 = 0. Suppose -3*r + 177 = 2*q - 44, q = 4*r + c. What is the greatest common factor of q and 14?
14
Let a = -456 - -965. Suppose 0 = 3*z + i - 5 - a, -2*i + 857 = 5*z. What is the highest common factor of z and 19?
19
Let d be -1*(2 + -6 + 15). Let g = 98 + d. Calculate the highest common factor of g and 29.
29
Let w = -25 + 77. Suppose o + w = 2*o - 5*c, 0 = -3*o + c + 170. Suppose -3*f = -0*f - o. Calculate the greatest common divisor of 152 and f.
19
Let j(b) = b**2 + 2*b. Let g be j(1). Let n(a) = 7*a - 7. Let i be n(g). Calculate the highest common divisor of i and 70.
14
Suppose 4*c - g - 128 = 0, -3*g - 171 = -4*c - 51. Let x(h) = -2*h + 2 + 0 - 1. Let w be x(-5). What is the highest common factor of w and c?
11
Let d be ((5 - 1) + -2)/1. Suppose -d*z = -3*z + 126. Suppose 5*h - z = 154. Calculate the greatest common factor of h and 14.
14
Suppose 32 = t + x, -9*t + 144 = -4*t + x. What is the highest common divisor of t and 126?
14
Let o(q) = q**3 - 5*q**2 - 10*q - 3. Let s be o(7). What is the highest common factor of s and 50?
25
Let q(h) = -h**3 + 6*h**2 - 8*h + 6. Let j be q(4). Calculate the highest common divisor of 12 and j.
6
Suppose 3*u - 2*q - 92 = 0, 3*u - 68 = u + 3*q. What is the highest common factor of 252 and u?
28
Let c(k) = -k**2 - 3*k + 66. Let l be c(-9). What is the greatest common factor of l and 228?
12
Suppose -3*c = -c + 4*b - 2, -5*c - b = -50. What is the highest common divisor of 143 and c?
11
Suppose 3*f = 1073 + 964. Suppose 4*p + p + k - f = 0, -3*p - 5*k = -425. What is the greatest common divisor of p and 15?
15
Let p(l) = 60*l**2 + l - 6. Let a be p(3). Suppose 213 = -4*s + a. Calculate the greatest common factor of 9 and s.
9
Let j be (-92)/(-12) + (-6)/9. What is the greatest common factor of 70 and j?
7
Suppose 214 + 110 = 4*l. Let w = -14 + 23. What is the greatest common divisor of l and w?
9
Suppose -4*z - 3*t + 8 = -5*t, 0 = 4*z + t - 8. Let p(m) = -2*m + 20. Let u be p(15). Let v be 4/u*(-5)/z. What is the highest common divisor of v and 1?
1
Let k be (-2 + (-5)/2)*-20. Calculate the greatest common divisor of k and 9.
9
Let n be 32/(-6)*9/(-2). What is the highest common divisor of 36 and n?
12
Let p(o) = 3*o**2 - 3 + o**3 + 2*o + 0*o**3 - 6*o. Let c be p(-3). What is the greatest common factor of c and 3?
3
Suppose -2*a - u + 18 = 0, 9 = 4*a - u - 27. Let r = 19 - a. Let j be 6/9 + (-8)/(-6). What is the greatest common factor of r and j?
2
Suppose -u = 4 - 6. Calculate the greatest common divisor of 34 and u.
2
Suppose -5*a - 11 + 76 = 2*k, -4*k + 125 = 5*a. Let m be (-3)/(-2)*(-50)/(-5). What is the highest common divisor of k and m?
15
Let y = -67 + 91. Calculate the highest common factor of y and 192.
24
Let q be ((-48)/(-14))/(18/189). What is the greatest common factor of q and 24?
12
Suppose 5*q - 27 = 3*q + w, 5*q - 2*w - 70 = 0. Let h be (-4 - -3)*6*-8. Calculate the highest common factor of h and q.
16
Let w be -3*4/6*1. Let x be (-1092)/18 + w/6. Let q be x/(-7) + (-4)/(-14). Calculate the highest common factor of 45 and q.
9
Let w be (-448)/(-21)*42/8. What is the highest common factor of 16 and w?
16
Let c be 9/(-6)*(1 + -15). Let u = -13 + c. Suppose 0 = u*k - 4*k - 52. What is the highest common divisor of k and 117?
13
Let c(z) = z**2 + 3*z - 7. Let i be c(-6). Suppose -q = i + 3. Let o = q + 24. Calculate the highest common divisor of o and 2.
2
Let v(z) = z**3 - z**2 - z + 48. Suppose -4*h = -y + 4 + 1, 0 = -h - 5*y + 25. Let o be v(h). What is the highest common divisor of 6 and o?
6
Suppose 6*l = l + 5*z, 2*l = 5*z. Let u(g) = -g**3 - g**2 + 65. Let x be u(l). Let h be (-3)/(4/((-208)/6)). Calculate the greatest common divisor of x and h.
13
Let l(w) = 1 + 3 - 6. Let t(n) = n - 8. Let s(g) = -6*l(g) + 2*t(g). Let y be s(10). Calculate the greatest c